rivative of b**5/15 - 5*b**4/24 - 4*b**3 + 77*b**2. What is the tens digit of z(14)?
9
Suppose 3*l = 4*p - 470, -123 = -10*p + 9*p - 2*l. Suppose 0 = 4*a - 40 + 8. What is the units digit of p - a/20*5?
7
Let b be -6 + 2 + 6*(-5 + -54). Let g = b - -688. What is the hundreds digit of g?
3
Suppose 3*a - 76 = -k, -3*k + 186 = -0*a - 5*a. Let r = k + -21. Let z = r + 50. What is the units digit of z?
6
Suppose -91*g - 344721 + 1556750 = 0. What is the units digit of g?
9
Let n(h) = -49*h + 151. Let u be n(3). What is the units digit of u*-1 - (-1212 + (-2 - 7))?
7
Suppose -q - 24759 - 8419 = -5*i, 5*i - 4*q - 33187 = 0. Suppose -35*r = -30*r - i. What is the hundreds digit of r?
3
Let u = 256 + -246. What is the tens digit of (u/4 - 1)*688/24?
4
Let l(t) = -t**3 - 8*t**2 + 14*t - 51. Let i be l(-10). Suppose -q = -5*v - 1, 12*q - i*q + v - 19 = 0. What is the units digit of q?
6
Let n = 4719 - 2790. What is the thousands digit of n?
1
Let h(l) be the third derivative of 173*l**4/6 + 5*l**3/6 + 48*l**2 + 2. What is the hundreds digit of h(1)?
6
Suppose 0 = 2*m + 2*b - 5*b - 24, 40 = 4*m - 4*b. Suppose 0 = m*j + 12 - 30. Let s = 187 + j. What is the hundreds digit of s?
1
Suppose 406*l = 386*l + 109720. What is the units digit of l?
6
Suppose -69636 = -3*h + 3*s, 4*h - 103815 = 3*s - 10965. What is the thousands digit of h?
3
Let r be ((-11)/(-2))/(-11)*(3 + 3). Let p(a) = 10*a**2 + 10*a + 9. What is the tens digit of p(r)?
6
Let i = -26 - -25. What is the hundreds digit of ((-1650)/35)/((6/28)/i)?
2
Suppose -20 = -5*g + 90. Let j(i) = -i**3 + 3*i**2 + 3*i + 8. Let q be j(4). Suppose 0 = 5*b - q*b - g. What is the tens digit of b?
2
Let k(u) be the third derivative of u**5/4 + 2*u**4/3 + 7*u**3/3 - 15*u**2. Let l be k(-6). Suppose 7*z - l = 424. What is the hundreds digit of z?
1
Let n(z) = -z**2 - 3*z - 15. Suppose -f + 0*i - 15 = -3*i, 0 = 5*f + 2*i - 10. Let h be n(f). What is the units digit of (-1127)/h - 4/30?
5
Let i = 244730 + -167208. What is the hundreds digit of i?
5
Suppose -8*t = -113 + 81. Suppose -16770 = -t*x - 9*x. What is the units digit of x?
0
Let b = 26121 + -2888. What is the units digit of b?
3
Let h = -451 - -481. What is the hundreds digit of h/195 - 22668/(-26)?
8
Suppose 0 = -5*u - 29 - 11. Let g be (2 + 20/u)*0. Suppose 3*o - 14 - 115 = g. What is the tens digit of o?
4
Let v = 2762 + 193. What is the thousands digit of v?
2
Let s be -6 + 308/49 - 172/14. Let u(p) = -10*p - 79. What is the units digit of u(s)?
1
Suppose -1453900 = h - 35*h - 28*h. What is the ten thousands digit of h?
2
What is the thousands digit of (7009/4)/(-6 - (-200)/32)?
7
Let n = 860 + -864. Let z(s) = -120*s + 279. What is the hundreds digit of z(n)?
7
Suppose -3*r - r + 3*h - 1398 = 0, 3*r - h = -1046. Let b = -84 - r. What is the units digit of b?
4
Suppose -3*h - 30 = -3*v, -2*v - 3*h = -0*v + 5. Let t(s) = 25*s - 143 - 6*s + 150. What is the tens digit of t(v)?
0
Let w = 21 - 13. Let i be 4 - w - (0 - 6). Suppose -b + 14 = -i*m, m = 5*b + 2*m - 81. What is the tens digit of b?
1
Let b = 18 + 17. Suppose 5*w - b + 10 = 0. Let z(l) = 33*l - 40. What is the units digit of z(w)?
5
Suppose 16*v = 8*v + 24. Suppose -629 - 798 = -v*y + 5*u, 5*y - 2403 = -4*u. What is the units digit of y?
9
Let r(j) = -j**3 - 93*j**2 - 32*j - 139. What is the hundreds digit of r(-98)?
0
Suppose 0 = 3*s + 30*g - 27*g - 30903, -5*s + 4*g + 51523 = 0. What is the hundreds digit of s?
3
Let b = 2199 - 3292. Let x = -248 - b. What is the tens digit of x?
4
Let f(z) = z**3 - 17*z**2 + 15*z + 17. Let j be f(16). Let t be (240 + j - 3)*(-1)/(-2). Let l = t - 64. What is the tens digit of l?
5
Let c be 2/(-3) - (346528/21)/(-14). Suppose -4652 = -4*m - 4*s, -m = -2*m - 4*s + c. What is the hundreds digit of m?
1
Suppose 1538 = -9*x - 1378. Let d = -149 - x. What is the hundreds digit of d?
1
Let i = 57596 + -28250. What is the hundreds digit of i?
3
Let b be ((-3)/(6/(-2)))/(17/17). Let s(y) = 1367*y - 20. What is the thousands digit of s(b)?
1
Suppose 7*o + 32 - 39 = 0. Let b(x) = 1274*x**2 - 9*x + 8. What is the hundreds digit of b(o)?
2
What is the tens digit of ((1/5)/((-172)/(-14190)))/((-2)/(-2976))?
5
Let x be (-26)/39 - 970/(-6). Let i = 260 + x. What is the tens digit of i?
2
Let w(u) = -u**2 - 46*u + 302. Let b be w(-48). Suppose -2289 = b*d - 209*d. What is the units digit of d?
3
Let w be 2 + 1 - 3/(-12)*-4. Let p be 160/5 - w - -1. Let i = p - -1. What is the tens digit of i?
3
Let k(q) = 2 + 182*q - 9 + 180*q - 4. What is the thousands digit of k(4)?
1
Let s(l) = l**3 + 19*l**2 + 26. Let b = -45 + 47. Suppose 4*w - 28 = b*f + 6*w, 52 = -3*f - w. What is the tens digit of s(f)?
2
Let c = -1435 + 2068. Suppose s - 4*s - 1002 = 0. Let q = s + c. What is the units digit of q?
9
Let m(o) = -3*o + 3. Let l be m(0). Suppose 4*x + l*f = 3, 3*x = 8*x - 5*f + 40. What is the units digit of ((-2)/x)/(2/213)?
1
Let y(b) = -b**3 - 2*b**2 - 2*b - 15. Let f be y(-3). Let t(k) = 2*k**3 + 2*k**2 + 2*k + 672. What is the hundreds digit of t(f)?
6
Suppose 10*r = 8365 + 965. Suppose -r - 5 = -7*z. What is the hundreds digit of z?
1
Let u(p) = -p**2 + 10*p - 6. Suppose 0 = q - 11 + 2. Let n be u(q). What is the tens digit of (220/15)/((-237)/81 + n)?
9
What is the units digit of (-342124125)/(-5625) + (4/30)/(-2)?
2
Let k be (15/(-5) - -2)*3*1. What is the hundreds digit of ((-30)/(-75))/((-1)/(-315)) - k?
1
Let s(i) be the first derivative of i**3/3 + i**2 - 8*i + 12. Let g be s(-16). Suppose -3*r + 2*p + g = 22, -58 = -r + 2*p. What is the units digit of r?
8
Let o = 401 - 404. Let r(z) = -z. Let h be r(5). What is the tens digit of 5/(h/o) - -74?
7
What is the units digit of (-10 - 0)*(10 + ((-19725)/(-2))/(-25))?
5
Let m = -467 - -6953. What is the units digit of m?
6
Let o(x) = -43*x**2 - 5*x + 6. Let i(s) = -86*s**2 - 9*s + 13. Let q(w) = -6*i(w) + 11*o(w). What is the hundreds digit of q(4)?
6
Let k(u) = 28*u**3 - u**2 - 2*u + 6. Let j(x) = -5*x + 12. Let z be j(3). Let o be 156/60 + z/5. What is the units digit of k(o)?
2
Suppose 0 = 59*m - 56*m - 819. Suppose 2*h = 4*k + 664, 0*k = -k - 2*h - 161. Let g = k + m. What is the units digit of g?
8
Let c be (8/16)/(2/(-72)). Let r be (39712/144 - 4/c) + 0. Suppose -2*t + 4*q = -r - 132, q + 637 = 3*t. What is the hundreds digit of t?
2
Suppose 4*k - 8 = 0, 2*o = -3*k + 35 + 151. What is the units digit of (4/12)/((25/o)/5)?
6
Suppose 69*c = 130028 + 60619. What is the units digit of c?
3
Suppose -28414 = -13*g + 13576. What is the tens digit of g?
3
Suppose -16*a + 1709 = -4227. Let u = a + -57. Suppose -r - u = -3*r + 2*m, 0 = -r - 4*m + 167. What is the hundreds digit of r?
1
Let z be (-88)/32*(0 + -4). Suppose 2622 = 4*r - 2*c, -r - 7*c = -z*c - 638. Suppose 7*w - r = -7*w. What is the units digit of w?
7
Let a = 9 - 5. Let u = a - -1. Suppose u*x - 3*h = 367, -3*h = 2*x + h - 152. What is the units digit of x?
4
Suppose -19*d = 24*d. Let f(p) = 2*p + 4*p**2 - p**2 - p**2 + p**3 + 70. What is the units digit of f(d)?
0
Let w(d) = 13*d**3 + 2*d**2 + d - 2. Let s be w(-1). What is the units digit of (-2208)/((-4)/2) + 9 + s?
9
Suppose 0 = 12*v - 9*v - 618. Let m = -182 + v. What is the units digit of m?
4
Suppose -5*m + 2*m = 12. Suppose 4*x - 32 = -110*k + 106*k, 4*x + 3 = 3*k. What is the units digit of (2/(m - 0))/(k/(-250))?
5
What is the tens digit of (5/(15/2))/(-3 + 29724/9900)?
7
Let w(f) = 2*f**2 + 87*f - 3*f**2 + 2 - 98*f. Let s(k) = k**3 + 4*k**2 + 3*k + 6. Let l be s(-4). What is the units digit of w(l)?
2
Let t = -760 - -4549. What is the units digit of t?
9
Let i(n) = n**2 + 13*n - 6. Let w be i(-13). Let v(o) = 2*o**2 + 14. What is the tens digit of v(w)?
8
What is the hundreds digit of 2 + 50/(-22) - 203507/(-187)?
0
Suppose 3*i = 6*i - 45. Let t = 20 - i. Suppose 3*p - 301 = r, 2*r + 501 = t*p - 0*r. What is the tens digit of p?
0
Let m(y) = 19*y**2 - 9*y - 142. What is the units digit of m(-22)?
2
Let p(d) = 2169*d**2 - 100*d - 203. What is the units digit of p(-2)?
3
Let m = -57003 + 36320. What is the units digit of m/(-117) - 6/(-27)?
7
Let d(s) = 8*s**2 - 168*s - 17. What is the tens digit of d(37)?
1
Suppose -2*x + 104 = 2*x. Let h be (-378)/(-28)*(-40)/(-15). Let p = h + x. What is the tens digit o